0. Is 5 a factor of z?
False
Let c(b) = -b**3 - 8*b**2 - 2*b - 1. Is 6 a factor of c(-8)?
False
Suppose -468 = -3*q - 2*g, -5*q + 0*g - 3*g + 779 = 0. Is 14 a factor of q?
True
Suppose 202 = 4*t + 2*q, 4*t + 0*t - 2*q = 182. Is t a multiple of 8?
True
Let g = 0 - -2. Let m be g/(-7) + 536/14. Let v = m + 2. Is 20 a factor of v?
True
Let d = 4 - 0. Suppose 2*q + 2*q - 62 = -w, -d*w = q - 23. Does 8 divide q?
False
Let w be (-32)/5*(0 - 5). Let j be (w/(-6))/(1/(-3)). Is 6 a factor of (18/(-4))/((-6)/j)?
True
Suppose 2 = -5*z + 7. Let u(q) = q. Let o(p) = -10*p + 1. Let s(r) = -o(r) - u(r). Is 3 a factor of s(z)?
False
Suppose 0 = -2*y + k + 7, 2*y + 8 = -0*k - 4*k. Let d be (1/y)/(1/(-40)). Let b = d - -29. Is b a multiple of 3?
True
Let g(q) = -q**2 + 6*q - 3. Let k be ((-2)/5)/(2/(-20)). Is 2 a factor of g(k)?
False
Suppose 0 = -4*y + 3*y + 95. Suppose 5*r + 15 = y. Is r a multiple of 8?
True
Let z = -90 + 29. Let c = -33 - z. Is 8 a factor of c?
False
Let l(j) = 18*j**2 + 2*j - 1. Is 5 a factor of l(2)?
True
Let q(n) = -n**3 - 9*n**2 - 9*n - 5. Let j be q(-8). Let i = j - 3. Suppose -16 = -4*h - i*h. Is 4 a factor of h?
True
Let x(y) = -4*y - 23*y**2 + 2 - 7 + 25*y**2. Is 16 a factor of x(-5)?
False
Suppose -4*o = -2*u + 4, -2*u - 5*o = 2 + 12. Let y(i) = -4*i - 2. Let r(z) = 9*z + 3. Let m(c) = -6*r(c) - 10*y(c). Does 12 divide m(u)?
False
Let f = 84 + -51. Suppose z - 3*d - f = -5, 0 = -2*z - 3*d + 56. Is 14 a factor of z?
True
Let q(v) = v**3 + 7*v**2 + 6*v - 5. Let g(b) = 2*b + 5. Let r be g(-5). Is q(r) a multiple of 10?
False
Let a = 186 - 6. Is a a multiple of 30?
True
Let z = 5 - 3. Suppose -2*a = 6, -3*r - a + 9 = -z*r. Is r a multiple of 12?
True
Suppose -122 = -2*k + 100. Suppose -5*w + 39 = -k. Is w a multiple of 12?
False
Let f(m) = 2*m**2 + 4*m - 13. Is 18 a factor of f(-6)?
False
Suppose 3*b - k = 17 + 11, 5*b - 4*k - 49 = 0. Does 18 divide 6/b*2*27?
True
Let y be (6/9)/((-1)/3). Let q be y + (0/(-1) - 0). Does 11 divide 42/(q + 7/2)?
False
Let c = -5 - -11. Does 6 divide c?
True
Suppose 7*m - 4*m = 18. Let i(d) = -d**2 + 2*d - 6. Let s(g) = -6*g**2 + 11*g - 31. Let o(l) = 11*i(l) - 2*s(l). Is 16 a factor of o(m)?
True
Let j(t) = -99*t + 14. Let r(a) = -33*a + 5. Let f = 14 + -10. Let h(l) = f*j(l) - 11*r(l). Is h(-1) a multiple of 17?
True
Let n(m) = -m**2 - 2*m + 28. Let q be 2 - (4/(-4) - -3). Is n(q) a multiple of 6?
False
Suppose -13*c = -10*c. Suppose j - 23 = -c*j. Is j a multiple of 6?
False
Suppose -5*g - 134 = -4. Let v = 4 - g. Is 15 a factor of v?
True
Let n(y) = -34*y + 1. Is n(-1) a multiple of 17?
False
Let l be (-4)/(-6)*(-615)/10. Let n = l + 27. Let c = 36 + n. Is c a multiple of 11?
True
Let b(s) = -9*s**3 + 2*s**2 + 6*s + 4. Is b(-2) a multiple of 8?
True
Let a = -10 - -1. Does 3 divide (a/(-15))/(3/15)?
True
Let l(g) = g - 4. Let n be l(4). Suppose n = 4*f - 0*f - 240. Does 20 divide f?
True
Let x(n) = -n**3 - 2*n + 3. Is x(-3) a multiple of 4?
True
Suppose -d - 34 = -3*d. Let i = 10 - d. Is 2/i + (-142)/(-7) a multiple of 10?
True
Let z be ((-4)/3 + 2)*12. Suppose 4*x - z = 2*x. Is 14 a factor of (x/6)/(4/186)?
False
Suppose -25 + 3 = -2*m. Is 3 a factor of m?
False
Let l(t) = t**3 + t**2 + t + 3. Does 3 divide l(0)?
True
Suppose 5*d - 2*b = 25 - 10, 0 = 3*b - 15. Let l(c) = -3*c**2 - 4*c + 0*c + 4 - 10 + c**3. Is 12 a factor of l(d)?
True
Let y(j) = j**3 + 8*j**2 - 8*j + 11. Suppose -8*m = -5*u - 3*m - 70, -3*m - 3 = 2*u. Let d be y(u). Suppose l + 16 = d*l. Is 16 a factor of l?
True
Suppose -4*b - 212 = -4*k - 3*b, 4*b = -5*k + 244. Is 9 a factor of k?
False
Let t be 6/8 - 19/4. Is 3 a factor of (t/6)/((-2)/15)?
False
Let t(h) = 3*h + 50. Is 29 a factor of t(22)?
True
Let x(a) = -8*a - 3. Let y(u) = u + 1. Let v(k) = -x(k) - 2*y(k). Let w be v(2). Suppose 11 + w = 4*n. Is n a multiple of 3?
True
Let y be 0/((6/3)/(-1)). Suppose y = -d + 6*d. Is 14 a factor of 1 - d - 2*-14?
False
Let u = 33 - 22. Is 3 a factor of u?
False
Let i = -70 - -174. Is i a multiple of 13?
True
Let h be ((-2)/5)/(4/(-10)). Let l be h/3 + 5/3. Let f = 4 + l. Is 6 a factor of f?
True
Suppose 2*b + 0*b + 2 = 0. Let o(j) = 6*j**3 - 12*j**2 + 7*j + 1. Let f(r) = r**3 - r**2 + r + 1. Let x(a) = b*o(a) + 5*f(a). Is x(6) a multiple of 14?
True
Let n = 27 - -159. Does 31 divide n?
True
Suppose 4*u - 647 = 633. Is u a multiple of 30?
False
Let g be (-10)/4*(4 - 2). Let c = g + 7. Let f = 0 + c. Is f even?
True
Let q be (-3)/1 - -4 - -13. Let o = q + -9. Let j = o - -2. Does 2 divide j?
False
Let m(c) = -19*c - 11. Let z be m(-4). Suppose 0 = -3*b - z + 218. Is b a multiple of 17?
True
Suppose 4*i + 2*g = 42, 3*g = 5*i + 5*g - 54. Does 12 divide i?
True
Let d = -2 - -8. Let b = d - 2. Suppose b*h = h + 69. Is 11 a factor of h?
False
Let i(q) = -3*q**3 + 2*q**2 + q. Let n be i(-1). Is 5 a factor of -2*2/n*-10?
True
Let i(z) = 4*z**2 + 2*z - 14. Let d(t) = t**2 + t - 1. Let u(n) = 3*d(n) - i(n). Does 11 divide u(0)?
True
Let s = -32 + 57. Let u = 1 + 2. Suppose 0 = u*x - 8*x + s. Does 2 divide x?
False
Let x(b) be the second derivative of 3*b**5/20 - b**4/6 - b**3/6 - b**2/2 - 4*b. Does 15 divide x(3)?
False
Suppose 13 = -5*u + 73. Is u a multiple of 6?
True
Suppose -107 - 61 = -4*q. Let s = 80 - q. Does 21 divide s?
False
Let y be (-9)/(-3)*(0 + -6). Does 13 divide 3/(y/(-33))*4?
False
Let r(s) = s**2 - 8*s + 6. Let o be r(6). Let y(f) = f**3 + 4*f**2 - 9*f - 2. Let h be y(o). Let d = 50 + h. Is 15 a factor of d?
True
Suppose 0 = 2*j + 4*r - 108, -5*j = 2*r - 129 - 117. Is j a multiple of 16?
True
Does 12 divide 4 - 1 - (-53 + 3)?
False
Let z(y) = y**3 - 7*y**2 + 2*y - 9. Let j be z(7). Suppose 2*g = 2*n - 92 + 10, -2*n + 67 = -j*g. Let m = -18 + n. Does 9 divide m?
False
Let j = 5 - 3. Suppose -5*b - 15 = 0, -4*i - j*b + 216 = -6*b. Suppose -n + 2*g + 3 = -10, -2*n = g - i. Does 6 divide n?
False
Suppose -71 = -2*m + 225. Does 22 divide m?
False
Let d(m) = m**3 + 8*m**2 + 3*m - 8. Let v be d(-7). Let w = 33 - v. Is w a multiple of 13?
True
Suppose 2*f = -3*f + 5. Does 8 divide (-3)/f*(-16)/6?
True
Let t(h) = -13*h + 2. Let s(i) be the second derivative of -i**4/12 - i**3/6 - i**2 - 2*i. Let y be s(0). Is t(y) a multiple of 14?
True
Let l(g) = -g**3 + 15*g**2 - 10*g - 18. Let f be l(14). Is 12/36 + f/3 a multiple of 13?
True
Let a = -11 + 13. Suppose 0*j + 2*d - 268 = -2*j, -268 = -a*j + 3*d. Is j a multiple of 37?
False
Suppose -3*d - 5 = 7, 4*t - 4 = -4*d. Suppose -4*b - 20 - 26 = -3*y, -75 = -5*y + t*b. Is 12 a factor of y?
False
Suppose -7*k = -2*k. Suppose k = -3*i + 160 + 125. Let x = -63 + i. Does 11 divide x?
False
Let d = -6 + 12. Suppose -d*j = -2*j - 344. Is j a multiple of 24?
False
Let a(y) = y - 4. Let j be a(4). Let t be 4 - -1 - (-2 - -2). Suppose j = -3*o + t*v + 50, -5*o + v = -2*v - 94. Does 10 divide o?
True
Let c(u) = -u**3 - u**2 - 3. Let a be c(0). Let o be 3 - a - (1 + 0). Suppose -n + 20 = 2*l, o*n + 3*l - 100 = -2*l. Is 6 a factor of n?
False
Suppose -b = -4*b - 3. Does 11 divide b*2 + (21 - 3)?
False
Suppose u - 156 = -u. Suppose u = 4*c - 3*c. Is 17 a factor of c?
False
Suppose 21 = -2*i + 3*j, -i + 2*i = 2*j - 10. Is i/(-8)*18 - -2 a multiple of 7?
False
Let y = -24 - -16. Does 8 divide (-6)/y + (-260)/(-16)?
False
Does 6 divide 3*(-12)/9 - -16?
True
Suppose -3 = -q - 1. Suppose 5*t - 4*b = 2, 2*b = 3 + 1. Suppose t*g + i + 3 = 7, -2*g = q*i. Does 4 divide g?
True
Let l(r) = 10*r + 20. Is 20 a factor of l(8)?
True
Suppose k + 0*k + 4*r = 27, -5*r = -2*k + 28. Is k a multiple of 15?
False
Suppose -4*p = i - 49, p + 13 = 5*i - 274. Does 12 divide i?
False
Let a(h) = 8*h**2 + 3*h - 14. Does 15 divide a(4)?
False
Let m = 109 + 15. Let h = m + -82. Does 17 divide h?
False
Let u(s) = 46*s**3 - s. Let h be u(-1). Let f be ((-2)/(-3))/((-6)/h). Suppose -y = f*l - 16, 45 = 2*y - 4*l + l. Is y a multiple of 21?
True
Let s be (-3)/15 - (-18)/(-10). Let u = s + 5. Suppose 0*a + 2*a = 3*k - 58, -u*k - 5*a = -44. Is k a multiple of 9?
True
Let f(x) = -3*x - 8. Is f(-7) a multiple of 13?
True
Let u be (-2)/(-5) - (-292)/(-5). Let d = u + 81. Is d a multiple of 9?
False
Let v(a) = 9*a - 5. Let f be v(6). Suppose f - 4 = 5*x. Is x a multiple of 4?
False
Suppose -3*v + s = -34, 2*s = -2*v + 4*s + 24. Does 5 divide v?
False
L